v**3 + 2*v**2 + 2*v. What is the units digit of m(w)?
4
Let i = 467 - 239. What is the tens digit of i?
2
Suppose 2*z + 5*d = z - 9, 21 = 2*z - 3*d. Suppose -z*v + 55 = -v. What is the units digit of 2/v + (-97)/(-11)?
9
Let s(j) = j**2 + 13*j + 38. What is the units digit of s(-10)?
8
Suppose 0 = 5*k + 36 + 9. Suppose -3*m = -4 - 32. What is the units digit of (-15)/2*m/k?
0
Let v be ((-4)/6)/((-2)/(-3)). Let n = v + 8. What is the units digit of n?
7
Suppose 3*d - 256 = 392. What is the units digit of d?
6
Let r = 18 + -8. Let q(t) = -t**3 + 11*t**2 - 10*t + 7. What is the units digit of q(r)?
7
Let s(h) = h + 5. Let m be s(4). Let b = 7 + -5. Let x = m - b. What is the units digit of x?
7
Let j(w) = 8*w + 3. Let z be j(-2). Let d = z + 26. What is the tens digit of d?
1
Suppose q + 16 = 2*q + 3*y, -5*y - 34 = -3*q. Let h = q - 7. What is the units digit of h?
6
Suppose -y - 3*y + 164 = 0. What is the units digit of y?
1
Suppose 9*x - 165 = 4*x. What is the units digit of x?
3
Suppose 4*i - 5*i + 8 = 0. Suppose -t - t + i = 0. Suppose -t*z + 24 = -z + 3*a, 0 = -5*z - 3*a + 46. What is the tens digit of z?
1
Let j = -23 + 9. What is the units digit of ((-18)/21)/(1/j)?
2
Let f(r) = 5*r**2. Let s be f(1). Let d(w) = -3*w**3 + 4 + s*w**3 - w**3 + 5*w + 0*w**3 + 6*w**2. What is the units digit of d(-4)?
6
Suppose -46 + 10 = -4*o. Let p = o - 3. What is the units digit of p?
6
Let r(s) = 8*s - 9. What is the tens digit of r(5)?
3
Let f be 6/4*(-14)/7. Let h = f - -7. Suppose u + h*a = 26, -5*u + 60 = -2*u + 3*a. What is the units digit of u?
8
Suppose s + 10 = 2*p - 3*p, 4*s + 3*p = -36. Let t be (-3*(-4)/s)/(-1). Suppose -2*z + t = -6. What is the units digit of z?
4
Suppose 40 = 2*a + 2*a. Suppose i - 5*x = -0*x - 25, i = -4*x + 20. Let j = a + i. What is the units digit of j?
0
Let c = 174 - 89. What is the units digit of c?
5
What is the hundreds digit of 110 + (-3 + 3)/(0 + 1)?
1
Let t be 128/24 - 4/(-6). Suppose -t = -2*q - 4*j, j + 39 = 5*q + 3*j. What is the units digit of q?
9
Suppose -3*o = 2*o - 105. Suppose 5*t - o - 9 = 0. What is the units digit of t?
6
Let n = 1 - -2. Suppose -4*h + 32 = 4*t, -4*h - n = -5*t + 1. Suppose -2*k - 20 = -3*c, -k = 5 - t. What is the units digit of c?
6
Let v(p) = p. Let r(b) = -3*b - 4. Let m(o) = r(o) + 2*v(o). Let u be m(-9). Suppose 0 = -3*x + 3*y, x + 10 = u*x - 2*y. What is the units digit of x?
5
What is the units digit of (-44)/(-36) + -1 + 2858/18?
9
Let b(w) = w**2 - 6*w - 7. Let i be b(7). Let q(u) = 15 + 0*u + 0*u + u. What is the tens digit of q(i)?
1
Let v(l) = l**3 + l - 4. Let d be v(0). Let u(y) = y**3 + 4*y**2 - 2*y - 4. What is the units digit of u(d)?
4
What is the tens digit of (1 - -3)*23/4?
2
Suppose -x = -4*v + 77, -4*v + 0*x + 68 = -4*x. Let h = -14 + v. What is the units digit of h?
6
Let j be (-2)/(2/((-24)/2)). What is the tens digit of ((-63)/18)/((-2)/j)?
2
Let i(a) = a**3 + 11*a**2 - 24*a + 9. What is the tens digit of i(-12)?
5
Suppose 5*i = 5*n - 365, 3*i - 129 = -5*n + 196. Let q be n/4 + (2 - 1). Let t = 35 - q. What is the units digit of t?
7
Let c be (6 - 2)*(-5)/(-10). Let b be 5/5*(-6)/c. Let l = b + 9. What is the units digit of l?
6
What is the units digit of 105/2*(-8)/(-12)?
5
Let t(j) be the third derivative of 23*j**5/60 - j**3/6 + 6*j**2. What is the units digit of t(-1)?
2
Let m = 12 + -23. What is the units digit of m/(-3) - 6/9?
3
Let b be 12/(-4) + -18 + 1. What is the units digit of ((-32)/b - 2)*-10?
4
Suppose 0 = -2*v - 4*s - 4, -9 = -5*v - 2*s - 3. Suppose 2*f - v*y - 10 = 2, -5*y + 2 = 3*f. Let d = f - -1. What is the units digit of d?
5
Let h = -4 - -10. What is the tens digit of 1 + 3/h*30?
1
Let p = 151 + -39. What is the units digit of p?
2
Let h(u) = u**3 + 3*u**2 - u - 1. Let d(o) = o**3 + 3*o**2. Let l(q) = 2*d(q) - 3*h(q). What is the units digit of l(-4)?
7
Let w be (-1)/(-1) - 1*-8. Suppose 5*i - 1 = 9. Let l = w - i. What is the units digit of l?
7
Suppose s + s - 470 = 0. What is the units digit of s?
5
Suppose 2*c - 2 = c. Suppose -2 = 2*b - c*d, d + 6 = -2*b + 13. Suppose h - b = -h. What is the units digit of h?
1
Suppose 1 + 5 = 2*l. Suppose l*s + 9 = -3*j + 75, j - 72 = -3*s. What is the units digit of s?
5
Suppose 4*x + 3 = 75. What is the tens digit of x?
1
Suppose 78 = y + 4*q, -3*q - 219 = -3*y - 0*q. Suppose -y = -p - p. What is the tens digit of p?
3
Suppose 0 = -5*c - n - 275, 0 = -c + 2*c - 2*n + 44. What is the units digit of (-24)/18*c/4?
8
Let g be 7 + -10 - 4/2. Let j = 9 + g. Let l(f) = -f**3 + 5*f**2 - f. What is the units digit of l(j)?
2
Let i = 42 - 5. What is the units digit of i?
7
Suppose 0 = -4*b + 5*u + 33, 0*b - 5*b + 40 = -5*u. Let q(f) = -f**2. Let c(t) = 4*t**2 + 4*t + 5. Let r(s) = -c(s) - 5*q(s). What is the tens digit of r(b)?
1
Let k = 10 + -5. Suppose -k*a + 102 - 17 = 0. Suppose 3*q - n = -2 + a, 5*n = q + 9. What is the units digit of q?
6
Suppose -295 - 297 = -4*j. What is the tens digit of j?
4
Suppose 5*z - 200 = 25. What is the units digit of z?
5
Let k = -5 + 8. Suppose 3*q + q + k*m = 12, m + 10 = q. Let z = 12 - q. What is the units digit of z?
6
Let j be (-6)/2 + 2 + 5. Suppose j*h - 56 = -4. What is the tens digit of h?
1
Let k(h) = h**3 - h. Let j(t) = -t**2 + 3. Let b(c) = j(c) - k(c). Let d(g) = g**2 - g. Let v be d(0). What is the units digit of b(v)?
3
Let p = -487 + 695. What is the units digit of p?
8
Let m = -29 - -15. What is the units digit of 6*(-2)/m*7?
6
Let i = -4 + 8. Suppose -4*p + k + 7 = -2*p, -p + 4*k - 14 = 0. Let v = p - i. What is the units digit of v?
2
Suppose -4*j + 2*j = -50. Suppose -2*w = -77 - j. What is the units digit of w?
1
Let l(m) = 2*m**2 - 6*m. Let g be 3/(-6)*30/(-3). What is the tens digit of l(g)?
2
Let l = -37 - -78. What is the tens digit of l?
4
Let w(x) = -1. Let y(v) = 26*v + 104. Let t(r) = 104*w(r) + y(r). What is the units digit of t(1)?
6
Suppose -989 = -15*k + 226. What is the tens digit of k?
8
Suppose z + z - 142 = -2*r, -2 = -z. Suppose 0 = 3*s - 21 - r. What is the tens digit of s?
3
Suppose 5*z = -4*w + 1199 - 350, 643 = 3*w + 5*z. What is the units digit of w?
6
Let a = 30 + -17. Suppose 3*j - a = 5*g, 3*g + 2*g + 6 = -4*j. Let w = j - -2. What is the units digit of w?
3
Let i = -4 - 1. What is the tens digit of 165/(-6)*4/i?
2
Let s(a) = -3*a**3 - 4*a**2 + 17*a - 2. Let v(u) = u**3 + u**2 - 6*u + 1. Let x(b) = 6*s(b) + 17*v(b). Suppose 7*c + 28 = 3*c. What is the units digit of x(c)?
5
Let c = -1 - 1. Let k be c/(-2)*(-2 - -2). Suppose k = -3*l - 0*l + 15. What is the units digit of l?
5
Let v = 21 - 4. Suppose -47 = 3*g - v. What is the units digit of 1/(-5) + (-22)/g?
2
Let w = -270 + 654. What is the units digit of w?
4
Suppose -2*k - v + 180 = 0, 4 = 5*v - 4*v. What is the tens digit of k?
8
Let h(p) = 18*p - 2. Let j be h(-2). What is the units digit of (-3)/6 - j/4?
9
Let c = 12 + -4. Let u = 9 + c. What is the units digit of u?
7
Let k(g) = g**2 + 18*g + 53. What is the hundreds digit of k(-22)?
1
Let f(u) = u**3 - 10*u**2 + 11*u - 10. Let w be f(10). Suppose 0 = 2*t - 7*t + w. What is the units digit of t?
0
Suppose d - 3*d = 0. Suppose d*c = -c + 14. What is the units digit of c?
4
Let d(x) be the first derivative of x**5/120 - x**4/12 - 2*x**3/3 - 2. Let h(k) be the third derivative of d(k). What is the units digit of h(10)?
8
Suppose 3*x + 4*t = 1000, x = -17*t + 14*t + 325. What is the units digit of x?
0
Suppose 2*i + p - 4 = 17, 3*i = -5*p + 49. What is the units digit of i?
8
Let f(z) = z**3 - 5*z**2 - z - 2. Suppose 2*r - 30 = -3*r. What is the units digit of f(r)?
8
Let o = 102 - 50. What is the tens digit of o?
5
Let v(m) = 2*m**2 + 13*m + 67. What is the hundreds digit of v(-13)?
2
Suppose -36*z + 34*z = -546. What is the units digit of z?
3
Let b = -4 - -13. Let a = b + -9. Suppose -5*t + 20 = a, 1 = o - 4*t - 1. What is the units digit of o?
8
Let k(z) = 3*z**2 - 3*z - 2. Let a be k(4). Let v = -3 + a. What is the tens digit of v?
3
Let u be ((-44)/6)/((-12)/18). Suppose v - 4*s - u = 2, -3*v + 75 = -3*s. What is the tens digit of v?
2
Suppose 2*n = -3*i + 19, i = -n + 6 + 1. Suppose 5*o - 51 = n*o. What is the units digit of o?
7
Suppose -3*a + 6*a - 66 = 0. What is the units digit of a?
2
Suppose -z + 2 - 5 